inder when 209493 is divided by 38?
37
Calculate the remainder when 1810 is divided by 268.
202
What is the remainder when 6007 is divided by 601?
598
Calculate the remainder when 728 is divided by 108.
80
Calculate the remainder when 16066 is divided by 43.
27
What is the remainder when 9624 is divided by 688?
680
What is the remainder when 13976 is divided by 166?
32
What is the remainder when 5898 is divided by 5892?
6
Calculate the remainder when 1185652 is divided by 21.
13
What is the remainder when 176 is divided by 159?
17
What is the remainder when 5030 is divided by 292?
66
What is the remainder when 95218 is divided by 20?
18
What is the remainder when 6127 is divided by 81?
52
Calculate the remainder when 24172 is divided by 928.
44
Calculate the remainder when 77840 is divided by 9730.
0
Calculate the remainder when 276010 is divided by 84.
70
Calculate the remainder when 123394 is divided by 182.
180
What is the remainder when 40444 is divided by 54?
52
Calculate the remainder when 26704 is divided by 72.
64
Calculate the remainder when 128324 is divided by 209.
207
Calculate the remainder when 16003 is divided by 1188.
559
What is the remainder when 14414 is divided by 401?
379
Calculate the remainder when 3672 is divided by 406.
18
Calculate the remainder when 2200 is divided by 269.
48
Calculate the remainder when 9497 is divided by 530.
487
Calculate the remainder when 11177 is divided by 86.
83
What is the remainder when 17149 is divided by 3429?
4
What is the remainder when 51355 is divided by 253?
249
What is the remainder when 14261 is divided by 48?
5
Calculate the remainder when 472 is divided by 150.
22
What is the remainder when 12104 is divided by 260?
144
What is the remainder when 1355061 is divided by 451686?
3
Calculate the remainder when 52429 is divided by 13107.
1
What is the remainder when 5365 is divided by 1778?
31
Calculate the remainder when 5248 is divided by 1709.
121
What is the remainder when 89814 is divided by 23?
22
What is the remainder when 8748 is divided by 22?
14
Calculate the remainder when 2491 is divided by 1683.
808
What is the remainder when 11257 is divided by 1861?
91
Calculate the remainder when 120273 is divided by 283.
281
What is the remainder when 14968 is divided by 14953?
15
Calculate the remainder when 13303 is divided by 94.
49
Calculate the remainder when 34100 is divided by 622.
512
Calculate the remainder when 8017 is divided by 101.
38
Calculate the remainder when 5783 is divided by 93.
17
Calculate the remainder when 1820 is divided by 819.
182
Calculate the remainder when 12758 is divided by 10.
8
Calculate the remainder when 87240 is divided by 13.
10
Calculate the remainder when 5225 is divided by 5218.
7
What is the remainder when 867903 is divided by 2159?
2144
Calculate the remainder when 345771 is divided by 78.
75
Calculate the remainder when 82219 is divided by 112.
11
Calculate the remainder when 664856 is divided by 401.
399
Calculate the remainder when 12377 is divided by 12262.
115
What is the remainder when 150422 is divided by 7518?
62
Calculate the remainder when 8644 is divided by 504.
76
Calculate the remainder when 1932163 is divided by 25.
13
Calculate the remainder when 4615 is divided by 243.
241
What is the remainder when 2716 is divided by 1297?
122
Calculate the remainder when 4279 is divided by 32.
23
What is the remainder when 7238 is divided by 234?
218
Calculate the remainder when 46810 is divided by 1040.
10
What is the remainder when 203497 is divided by 49?
0
What is the remainder when 391214 is divided by 55884?
26
Calculate the remainder when 25317 is divided by 60.
57
What is the remainder when 52904 is divided by 5?
4
What is the remainder when 5115 is divided by 922?
505
What is the remainder when 246953 is divided by 263?
259
Calculate the remainder when 3971 is divided by 1266.
173
Calculate the remainder when 4887 is divided by 1202.
79
Calculate the remainder when 8849 is divided by 85.
9
Calculate the remainder when 44150 is divided by 2593.
69
Calculate the remainder when 131647 is divided by 748.
747
What is the remainder when 16756 is divided by 4182?
28
Calculate the remainder when 4373 is divided by 868.
33
What is the remainder when 11412 is divided by 73?
24
Calculate the remainder when 2288 is divided by 355.
158
Calculate the remainder when 9839 is divided by 21.
11
Calculate the remainder when 12499 is divided by 2498.
9
Calculate the remainder when 45984 is divided by 903.
834
Calculate the remainder when 79775 is divided by 26572.
59
Calculate the remainder when 57037 is divided by 207.
112
What is the remainder when 1441 is divided by 209?
187
What is the remainder when 8935 is divided by 2065?
675
What is the remainder when 845 is divided by 762?
83
Calculate the remainder when 7916 is divided by 252.
104
Calculate the remainder when 477588 is divided by 159184.
36
Calculate the remainder when 99006 is divided by 28.
26
What is the remainder when 1547 is divided by 1531?
16
What is the remainder when 59090 is divided by 89?
83
What is the remainder when 687 is divided by 103?
69
What is the remainder when 26775 is divided by 19?
4
Calculate the remainder when 13126 is divided by 285.
16
Calculate the remainder when 9415 is divided by 22.
21
Calculate the remainder when 5765 is divided by 53.
41
What is the remainder when 146302 is divided by 48763?
13
Calculate the remainder when 21209 is divided by 731.
10
What is the remainder when 6787 is divided by 48?
19
Calculate the remainder when 4021 is divided by 23.
19
Calculate the remainder when 3031 is divided by 874.
409
What is the remainder when 48426 is divided by 61?
53
What is the remainder when 1428 is divided by 61?
25
Calculate the remainder when 3331 is divided by 333.
1
What is the remainder when 682811 is divided by 11?
8
Calculate the remainder when 60218 is divided by 238.
4
Calculate the remainder when 16805 is divided by 14.
5
Calculate the remainder when 3065181 is divided by 18.
15
Calculate the remainder when 4987 is divided by 36.
19
What is the remainder when 58242 is divided by 5?
2
Calculate the remainder when 11887 is divided by 85.
72
Calculate the remainder when 1320 is divided by 227.
185
Calculate the remainder when 25482 is divided by 263.
234
Calculate the remainder when 28805 is divided by 2400.
5
Calculate the remainder when 57945 is divided by 14422.
257
What is the remainder when 100192 is divided by 3036?
4
What is the remainder when 3398 is divided by 63?
59
Calculate the remainder when 2877 is divided by 1423.
31
What is the remainder when 1526 is divided by 48?
38
What is the remainder when 80364 is divided by 1387?
1305
Calculate the remainder when 2167 is divided by 30.
7
Calculate the remainder when 34605 is divided by 706.
11
What is the remainder when 55250 is divided by 145?
5
Calculate the remainder when 5885 is divided by 5881.
4
What is the remainder when 13111 is divided by 320?
311
What is the remainder when 1244 is divided by 1208?
36
What is the remainder when 261316 is divided by 169?
42
What is the remainder when 94794 is divided by 224?
42
What is the remainder when 52411 is divided by 2728?
579
What is the remainder when 14503 is divided by 290?
3
Calculate the remainder when 4616 is divided by 4.
0
What is the remainder when 2355 is divided by 79?
64
Calculate the remainder when 4949 is divided by 59.
52
What is the remainder when 25676 is divided by 12837?
2
What is the remainder when 6336 is divided by 253?
11
Calculate the remainder when 397999 is divided by 66330.
19
What is the remainder when 1315 is divided by 75?
40
What is the remainder when 11650 is divided by 703?
402
What is the remainder when 609277 is divided by 6?
1
What is the remainder when 67077 is divided by 22353?
18
What is the remainder when 1862 is divided by 355?
87
Calculate the remainder when 536759 is divided by 12.
11
Calculate the remainder when 10178 is divided by 1130.
8
Calculate the remainder when 5838 is divided by 267.
231
Calculate the remainder when 39193 is divided by 19596.
1
What is the remainder when 1288 is divided by 581?
126
What is the remainder when 64954 is divided by 16229?
38
What is the remainder when 219625 is d